 the greatest common factor of 50 and 76970.
10
What is the highest common divisor of 120 and 5800?
40
Calculate the highest common divisor of 8 and 235682.
2
Calculate the greatest common factor of 20436 and 2751.
393
What is the highest common divisor of 164 and 206476?
164
What is the highest common divisor of 1149079 and 356?
89
Calculate the greatest common divisor of 89822 and 9021.
97
Calculate the greatest common factor of 186 and 1666126.
62
Calculate the highest common factor of 6 and 1928.
2
What is the greatest common divisor of 6767943 and 13?
13
Calculate the highest common factor of 277196 and 48668.
2116
Calculate the greatest common divisor of 3667 and 40144.
193
Calculate the highest common factor of 119085 and 17.
17
What is the highest common factor of 4494 and 5350?
214
What is the greatest common factor of 15304 and 88?
8
What is the highest common factor of 10397 and 703?
37
Calculate the highest common factor of 343250 and 1250.
250
Calculate the greatest common factor of 2310 and 29280.
30
Calculate the highest common divisor of 539 and 27434.
11
What is the highest common divisor of 309691 and 29?
29
Calculate the highest common factor of 1808192 and 1824.
608
What is the greatest common divisor of 56 and 786?
2
What is the greatest common divisor of 8008 and 3696?
616
What is the greatest common factor of 18746 and 9646?
182
What is the greatest common divisor of 16 and 3124?
4
What is the greatest common factor of 65 and 477685?
65
Calculate the greatest common divisor of 33792 and 99616.
352
Calculate the greatest common factor of 2270129 and 41.
41
Calculate the highest common divisor of 180 and 135270.
90
Calculate the highest common divisor of 18981 and 378.
27
What is the highest common factor of 7920 and 1089?
99
What is the greatest common factor of 39464 and 284?
4
What is the highest common divisor of 35189 and 1?
1
Calculate the greatest common divisor of 668 and 654974.
334
Calculate the highest common divisor of 196023 and 28779.
543
What is the highest common factor of 2096 and 14688?
16
What is the highest common divisor of 3439 and 1843?
19
Calculate the highest common divisor of 102 and 408.
102
What is the highest common divisor of 490 and 106799?
7
Calculate the highest common divisor of 893 and 7163.
19
What is the highest common divisor of 6090 and 3980?
10
What is the greatest common factor of 768 and 17772?
12
Calculate the greatest common factor of 56340 and 1872.
36
Calculate the highest common factor of 38178 and 21357.
189
What is the highest common divisor of 105 and 1064805?
105
Calculate the greatest common factor of 50283 and 2997.
333
What is the greatest common divisor of 146060 and 268?
268
What is the highest common factor of 14701 and 1586?
61
What is the greatest common divisor of 140475 and 5325?
75
Calculate the highest common factor of 37478 and 21.
7
What is the highest common divisor of 3501 and 99?
9
Calculate the highest common factor of 3421 and 2827.
11
What is the greatest common factor of 148117 and 73?
73
Calculate the greatest common divisor of 7 and 52013.
1
What is the highest common divisor of 12 and 7841988?
12
What is the greatest common factor of 1199 and 7420611?
1199
What is the highest common divisor of 79893 and 77?
11
What is the greatest common factor of 91 and 1527149?
13
Calculate the highest common divisor of 105171 and 66.
33
Calculate the greatest common factor of 299483 and 261.
29
Calculate the greatest common factor of 55790 and 455.
35
What is the highest common divisor of 532660 and 40?
20
What is the greatest common factor of 95 and 26430?
5
What is the highest common factor of 165 and 7040?
55
What is the highest common factor of 518 and 611277?
37
Calculate the highest common factor of 43645 and 32480.
1015
What is the highest common factor of 3657489 and 548?
137
Calculate the greatest common divisor of 2117 and 263610.
29
What is the highest common divisor of 3245 and 31240?
55
Calculate the highest common divisor of 1925 and 33250.
175
What is the highest common divisor of 2321638 and 22?
22
What is the greatest common factor of 12529 and 1870?
187
Calculate the greatest common factor of 37086 and 231.
21
Calculate the greatest common factor of 677568 and 192.
192
Calculate the greatest common factor of 126586 and 3790.
758
Calculate the greatest common factor of 1130 and 1474085.
565
Calculate the greatest common factor of 254397 and 87171.
1779
Calculate the greatest common factor of 6136 and 168976.
472
Calculate the highest common factor of 309440 and 960.
320
What is the highest common divisor of 6045 and 8742?
93
What is the highest common divisor of 126 and 4314?
6
What is the highest common factor of 6 and 35943?
3
Calculate the greatest common factor of 51064 and 481.
13
Calculate the highest common factor of 5083 and 10189.
23
What is the greatest common divisor of 16572 and 36?
12
What is the greatest common divisor of 1261 and 67027?
97
Calculate the greatest common divisor of 273750 and 30.
30
What is the highest common factor of 221 and 25279?
17
Calculate the greatest common divisor of 14580 and 54360.
180
Calculate the highest common divisor of 14715 and 91015.
545
Calculate the highest common factor of 21460 and 2460.
20
Calculate the highest common divisor of 117360 and 27.
9
What is the highest common divisor of 192 and 2868?
12
Calculate the greatest common factor of 1045 and 14896.
19
What is the highest common factor of 198 and 117?
9
Calculate the greatest common divisor of 3885 and 98805.
105
What is the greatest common divisor of 264 and 1328?
8
What is the greatest common factor of 492 and 491672?
164
What is the highest common factor of 1452 and 86152?
484
What is the greatest common divisor of 873 and 1251?
9
Calculate the highest common factor of 2689336 and 208.
104
What is the greatest common divisor of 62 and 24460?
2
Calculate the highest common factor of 5445 and 120395.
605
Calculate the greatest common factor of 3835 and 26.
13
Calculate the greatest common divisor of 51901 and 86.
43
What is the greatest common factor of 6712 and 40?
8
What is the greatest common factor of 27470 and 545?
5
What is the highest common factor of 11 and 384681?
11
What is the highest common factor of 4916 and 332?
4
What is the highest common factor of 4528 and 28?
4
What is the greatest common factor of 3478 and 518?
74
What is the greatest common divisor of 168 and 552936?
24
What is the highest common factor of 303225 and 50?
25
Calculate the greatest common factor of 304 and 238640.
304
What is the highest common divisor of 396 and 31824?
36
Calculate the greatest common divisor of 4788 and 345648.
228
What is the highest common factor of 53082 and 1074?
6
What is the highest common divisor of 447 and 45147?
447
Calculate the greatest common factor of 7596 and 27.
9
Calculate the greatest common factor of 1236 and 1153497.
309
Calculate the highest common factor of 500619 and 1519.
217
What is the highest common factor of 9261 and 483?
21
Calculate the greatest common divisor of 976144 and 169.
169
Calculate the highest common factor of 717217 and 886.
443
Calculate the highest common divisor of 8046 and 24.
6
What is the highest common factor of 105 and 1705?
5
Calculate the highest common divisor of 2601820 and 260.
260
Calculate the highest common divisor of 96463 and 38.
19
Calculate the greatest common divisor of 6486 and 10557.
69
What is the greatest common divisor of 162 and 213966?
18
What is the highest common factor of 253669 and 42107?
1027
What is the highest common factor of 64653 and 3381?
69
What is the highest common factor of 4099 and 2?
1
Calculate the greatest common factor of 1825 and 31075.
25
Calculate the greatest common factor of 87705 and 1620.
45
Calculate the greatest common divisor of 4800 and 144600.
600
Calculate the highest common divisor of 999 and 171.
9
Calculate the highest common divisor of 80 and 14470.
10
Calculate the highest common factor of 84 and 49728.
84
What is the greatest common factor of 1143316 and 318?
106
Calculate the highest common divisor of 125519 and 155.
31
Calculate the greatest common factor of 24187 and 855.
19
Calculate the highest common divisor of 33070